{"id":11,"date":"2023-09-15T06:17:35","date_gmt":"2023-09-15T06:17:35","guid":{"rendered":"https:\/\/www.bjorkhagensintresseforening.se\/?page_id=11"},"modified":"2023-09-15T09:41:27","modified_gmt":"2023-09-15T09:41:27","slug":"about","status":"publish","type":"page","link":"https:\/\/www.bjorkhagensintresseforening.se\/?page_id=11","title":{"rendered":"Om f\u00f6reningen"},"content":{"rendered":"\n<h2 class=\"wp-block-heading\">F\u00f6reningen representeras av en styrelse som best\u00e5r av s\u00e5v\u00e4l \u00e5retruntboenden som fritidsboenden.<\/h2>\n\n\n\n<figure class=\"wp-block-table is-style-stripes\"><table><tbody><tr><td>Christoffer Lantz<\/td><td>Ordf\u00f6rande<\/td><\/tr><tr><td>H\u00e5kan Petersson<\/td><td>Vice Ordf\u00f6rande<\/td><\/tr><tr><td>Mikael Dalgren <\/td><td>Kass\u00f6r <\/td><\/tr><tr><td>Catharina \u00c5kerman<\/td><td>Sekreterare<\/td><\/tr><tr><td>Christian Cullin<\/td><td>Ledamot<\/td><\/tr><tr><td>Lina Hedvall<\/td><td>Ledamot<\/td><\/tr><tr><td>Daniel Ivarsson<\/td><td>Ledamot<\/td><\/tr><tr><td>M\u00e5rten Hafstr\u00f6m<\/td><td>Ledamot<\/td><\/tr><tr><td>Lotta Sciard<\/td><td>Ledamot<\/td><\/tr><tr><td>Elin Cullin<\/td><td>Ledamot<\/td><\/tr><tr><td>Jessica Christensson<\/td><td>Ledamot<\/td><\/tr><\/tbody><\/table><\/figure>\n","protected":false},"excerpt":{"rendered":"<p>F\u00f6reningen representeras av en styrelse som best\u00e5r av s\u00e5v\u00e4l \u00e5retruntboenden som fritidsboenden. Christoffer Lantz Ordf\u00f6rande H\u00e5kan Petersson Vice Ordf\u00f6rande Mikael Dalgren Kass\u00f6r Catharina \u00c5kerman Sekreterare Christian Cullin Ledamot Lina Hedvall Ledamot Daniel Ivarsson Ledamot M\u00e5rten Hafstr\u00f6m Ledamot Lotta Sciard Ledamot Elin Cullin Ledamot Jessica Christensson Ledamot<\/p>\n","protected":false},"author":1,"featured_media":0,"parent":0,"menu_order":0,"comment_status":"closed","ping_status":"closed","template":"","meta":{"footnotes":""},"class_list":["post-11","page","type-page","status-publish","hentry"],"_links":{"self":[{"href":"https:\/\/www.bjorkhagensintresseforening.se\/index.php?rest_route=\/wp\/v2\/pages\/11","targetHints":{"allow":["GET"]}}],"collection":[{"href":"https:\/\/www.bjorkhagensintresseforening.se\/index.php?rest_route=\/wp\/v2\/pages"}],"about":[{"href":"https:\/\/www.bjorkhagensintresseforening.se\/index.php?rest_route=\/wp\/v2\/types\/page"}],"author":[{"embeddable":true,"href":"https:\/\/www.bjorkhagensintresseforening.se\/index.php?rest_route=\/wp\/v2\/users\/1"}],"replies":[{"embeddable":true,"href":"https:\/\/www.bjorkhagensintresseforening.se\/index.php?rest_route=%2Fwp%2Fv2%2Fcomments&post=11"}],"version-history":[{"count":4,"href":"https:\/\/www.bjorkhagensintresseforening.se\/index.php?rest_route=\/wp\/v2\/pages\/11\/revisions"}],"predecessor-version":[{"id":87,"href":"https:\/\/www.bjorkhagensintresseforening.se\/index.php?rest_route=\/wp\/v2\/pages\/11\/revisions\/87"}],"wp:attachment":[{"href":"https:\/\/www.bjorkhagensintresseforening.se\/index.php?rest_route=%2Fwp%2Fv2%2Fmedia&parent=11"}],"curies":[{"name":"wp","href":"https:\/\/api.w.org\/{rel}","templated":true}]}}